(i) = 2*i**2 - 2*i + 3. Give n(2).
7
Let r(g) = g + 12. What is r(-16)?
-4
Let u(d) = d + 2. Determine u(-6).
-4
Let j(l) = -l**2 + 6*l + 30. Determine j(7).
23
Let h(w) = w**3 + 8*w**2 + 4*w + 3. Determine h(-3).
36
Let j(d) = -d**2 + 40*d + 212. Give j(45).
-13
Let r(a) = -17*a - 306. Determine r(-18).
0
Let r(t) = t - 3. Determine r(2).
-1
Let t(x) = -10*x - 3. Calculate t(-2).
17
Let z(x) = x**2 + 8*x - 31. What is z(-9)?
-22
Let d(x) = -x**3 + 3*x**2 + 26*x - 52. Calculate d(6).
-4
Let l(k) = 76*k**2 + 459*k + 8. Determine l(-6).
-10
Let k(r) = r**3 - 10*r**2 - 9*r - 20. Determine k(11).
2
Let v(o) = o**2 + 5*o - 30. What is v(-9)?
6
Let k(d) = -d**2 - 16*d - 10. Give k(-14).
18
Let q(f) = f**2 - 5*f + 8. Determine q(6).
14
Let b(f) = -70*f**2 - 3*f + 1. Determine b(1).
-72
Let b(k) = k**3 + 10*k**2 + 4*k + 7. Calculate b(-9).
52
Let h(k) = -k**3 + 7*k**2 - 10*k + 2. Give h(5).
2
Let s(b) = -b**3 - 14*b**2 - 15*b - 2. What is s(-13)?
24
Let g(k) = -k**3 + 24*k**2 + 4*k - 102. What is g(24)?
-6
Let v(y) = 4*y - 5. Determine v(5).
15
Let y(n) = n**3 - 6*n**2 - 3*n. Determine y(6).
-18
Let m(t) = t**2 - 14*t + 19. Calculate m(14).
19
Let n(f) = -f**3 - f**2 - 4*f + 21. Give n(0).
21
Let j(t) = -16*t**2 + t + 1. Give j(1).
-14
Let w(h) = 23*h + 5. Determine w(3).
74
Let u(j) = -12*j - 125. Determine u(-10).
-5
Let v(m) = -44*m - 342. Calculate v(-8).
10
Let w(j) = -4*j + 14. Calculate w(6).
-10
Let u(y) = y**2 + 37*y + 195. Give u(-30).
-15
Let s(d) = 10*d**2 - 4*d - 1. Determine s(1).
5
Let s(f) = 85*f + 1101. What is s(-13)?
-4
Let j(s) = -s + 8. Give j(11).
-3
Let x(w) = w**2 + 6*w - 10. Calculate x(-7).
-3
Let i(y) = 4*y**2 + 2*y - 1. Determine i(-2).
11
Let a(o) = 5*o - 17. What is a(7)?
18
Let h(j) = j**3 + 8*j**2 + 12*j + 1. Determine h(-6).
1
Let i(l) = 5*l - 150. Determine i(31).
5
Let r(h) = -176*h + 1. Give r(-1).
177
Let g(z) = -9*z - 134. Calculate g(-15).
1
Let r(k) = 7*k + 2. Give r(-4).
-26
Let x(z) = z**2 + 33*z + 88. Give x(-3).
-2
Let k(f) = -f - 5. Calculate k(-3).
-2
Let y(d) = -d**3 - 7*d**2 - 3*d - 7. Give y(-7).
14
Let c(k) = k**3 - 2*k**2 - 2*k + 3. What is c(3)?
6
Let j(u) = -u**2 - 6*u + 8. What is j(-7)?
1
Let z(h) = 75*h + 5. Determine z(-1).
-70
Let n(m) = -32*m**2 + m + 5. Calculate n(-2).
-125
Let j(s) = s**2 + 14*s + 5. Determine j(-9).
-40
Let y(s) = -s**3 + 4*s**2 - 27*s + 112. Calculate y(4).
4
Let v(t) = -t**3 + 6*t**2 + 4. Calculate v(6).
4
Let x(v) = -11*v + 7. Calculate x(-2).
29
Let w(v) = 3*v**2 + 5*v - 5. Determine w(2).
17
Let f(z) = -z - 10. Calculate f(-10).
0
Let h(s) = s**2 - 12*s + 36. Calculate h(6).
0
Let i(k) = -5*k - 3. Determine i(2).
-13
Let o(d) = 5*d - 24. Calculate o(3).
-9
Let j(q) = -q - 15. Give j(11).
-26
Let k(h) = -h**2 - 8*h + 11. Give k(-8).
11
Let w(x) = -2*x**2 - 68*x + 4. What is w(-34)?
4
Let j(k) = -k**3 - 17*k - 32. Determine j(-2).
10
Let c(r) = -8*r**2 - 8*r + 23. Calculate c(-6).
-217
Let d(n) = -n**3 - 7*n**2 + n + 8. Calculate d(-7).
1
Let s(x) = x**2 + 14*x - 484. Calculate s(-30).
-4
Let w(s) = 4*s - 4. Calculate w(6).
20
Let q(p) = p**3 + 4*p**2 - 3*p + 9. Calculate q(-4).
21
Let w(v) = 4*v**3 + v**2 + 3*v + 2. Give w(-2).
-32
Let c(n) = 4*n**2 - 17*n - 14. Determine c(6).
28
Let f(h) = h**3 + 16*h**2 + 17*h + 20. Calculate f(-15).
-10
Let d(p) = 33*p**2 + 4*p + 2. Determine d(-2).
126
Let m(t) = t**2 + 8*t - 1. Calculate m(-8).
-1
Let z(j) = -9*j + 16. Give z(3).
-11
Let o(l) = -2*l + 3. What is o(0)?
3
Let z(n) = 4*n + 10. What is z(-2)?
2
Let r(z) = z**2 - 3*z - 3. Determine r(3).
-3
Let c(w) = 6*w - 23. Calculate c(14).
61
Let n(o) = -o + 10. What is n(8)?
2
Let z(f) = -f**2 - 14*f + 12. Determine z(-12).
36
Let o(n) = 4*n + 3. Determine o(-6).
-21
Let p(l) = -12*l - 362. Give p(-31).
10
Let s(o) = -o**3 - 3*o**2 + 13*o - 4. Determine s(-6).
26
Let t(a) = 13*a - 83. Determine t(7).
8
Let k(r) = -2*r**2 - 8*r + 10. Calculate k(-7).
-32
Let r(j) = 4*j**2. Give r(1).
4
Let k(h) = -2*h**2 + 25*h + 65. Determine k(14).
23
Let v(k) = k**2 + 9*k + 5. Give v(-12).
41
Let g(d) = 20*d + 7. Calculate g(-3).
-53
Let f(r) = r**2 + 2*r. What is f(3)?
15
Let h(t) = -4*t**2 + 6*t - 4. Determine h(2).
-8
Let p(m) = 5*m - 29. Determine p(7).
6
Let f(w) = -w**3 + 6*w**2 - 4*w + 4. Calculate f(6).
-20
Let c(b) = -136*b - 1085. Give c(-8).
3
Let p(h) = -17*h + 3. Determine p(2).
-31
Let b(a) = 3*a + 10. What is b(-5)?
-5
Let f(i) = i**2. What is f(-3)?
9
Let a(n) = n + 31. Calculate a(-34).
-3
Let k(w) = -5*w + 16. Calculate k(11).
-39
Let t(b) = -b**3 + 3*b**2 + 5*b - 1. Calculate t(4).
3
Let f(q) = 10*q**2 - 4*q - 3. Give f(-1).
11
Let x(c) = -2*c**3 + 17*c**2 - 19*c + 11. Give x(8).
-77
Let z(r) = -58*r**2 + r. What is z(1)?
-57
Let u(d) = d**3 - 7*d**2 - 10*d + 4. Calculate u(8).
-12
Let l(u) = u**3 - 31*u**2 - 2*u + 73. Calculate l(31).
11
Let a(s) = s**3 - 13*s**2 - 12*s - 34. What is a(14)?
-6
Let y(g) = -g**3 + 10*g**2 - 11*g + 19. Determine y(9).
1
Let w(v) = -3*v**3 + 4*v**2 - 3*v - 1. Determine w(3).
-55
Let o(u) = -u**2 + 8*u + 6. Calculate o(11).
-27
Let i(n) = -2*n + 3. Give i(4).
-5
Let h(c) = -12*c - 86. Give h(-7).
-2
Let h(t) = t + 5. Calculate h(-8).
-3
Let f(b) = -2*b**2 + 8*b - 5. Calculate f(5).
-15
Let i(c) = c**3 + 5*c**2 + 2*c - 6. Give i(-5).
-16
Let u(y) = y**2 - 28*y + 44. Give u(27).
17
Let s(w) = -5*w**2 + 7*w + 6. What is s(-3)?
-60
Let q(n) = n**3 - 3*n**2 - 9*n - 2. Calculate q(4).
-22
Let u(p) = -p**3 - 6*p**2 + 11*p + 24. What is u(-7)?
-4
Let s(z) = 2*z - 21. Determine s(11).
1
Let x(t) = -7*t - 7. Give x(3).
-28
Let w(i) = -31*i - 490. Determine w(-16).
6
Let d(k) = k**2 - 2*k - 9. What is d(6)?
15
Let r(f) = 15*f - 7. What is r(2)?
23
Let f(p) = p + 2. Calculate f(9).
11
Let f(a) = a**3 - 18*a**2 - 21*a + 47. What is f(19)?
9
Let t(a) = 32*a + 216. What is t(-7)?
-8
Let k(o) = o**3 + 8*o**2 - 11*o + 9. What is k(-9)?
27
Let t(j) = 2*j - 10. Determine t(-10).
-30
Let a(n) = n**3 - 7*n**2 - 32*n + 7. Determine a(10).
-13
Let b(a) = 3*a**2 + 3*a - 5. Give b(2).
13
Let v(n) = n**3 - 11*n**2 - 14*n + 16. Determine v(12).
-8
Let g(r) = -10*r**2 - r - 3. Calculate g(-1).
-12
Let m(n) = -n**2 + 2*n + 2. Calculate m(4).
-6
Let l(c) = -2*c - 13. Calculate l(6).
-25
Let l(o) = 12*o**3 - 2*o - 2. What is l(-1)?
-12
Let j(u) = -u**2 + 2*u - 9. Give j(5).
-24
Let n(x) = -x + 1. Give n(10).
-9
Let m(q) = q**3 + 32*q**2 - 32*q + 38. Calculate m(-33).
5
Let a(d) = -d**3 + 8*d**2 + 6*d - 7. Give a(9).
-34
Let t(u) = -27*u - 493. What is t(-18)?
-7
Let t(z) = z**3 + 6*z**2. Determine t(-3).
27
Let g(i) = 2*i**3 + 2*i**2 - 2. What is g(-1)?
-2
Let c(y) = -y**3 + 9*y**2 - 19*y + 1. Give c(6).
-5
Let w(d) = -d**2 - 9*d - 5. Give w(-6).
13
Let i(f) = 11*f - 10. Calculate i(4).
34
Let o(n) = -2*n**2 - 8*n + 8. Determine o(-3).
14
Let t(z) = 5*z + 1. Give t(-2).
-9
Let c(o) = -o**3 + 11*o**2 - 5*o + 29. Calculate c(11).
-26
Let t(h) = 5*h**2 + 41*h - 7. Give t(-8).
-15
Let u(m) = -4*m**2 - 7*m - 10. Give u(-4).
-46
Let w(t) = 19*t - 116. What is w(6)?
-2
Let f(a) = -a**2 + 9*a - 4. Determine f(8).
4
Let l(b) = 2*b + 32. What is l(-10)?
12
Let a(r) = -r - 36. Determine a(-29).
-7
Let f(r) = -r**2 + 3*r - 3. What is f(-4)?
-31
Let r(f) = -f**2 + 2*f + 3. Calculate r(-2).
-5
Let o(v) = -3*v**2 + 6*v - 8. Give o(7).
-113
Let o(s) = -s**3 + 11*s**2 + 2*s - 6. Determine o(11).
16
Let l(d) = -3*d + 22. Give l(8).
-2
Let y(m) = 14*m + 32. Give y(-2).
4
Let v(m) = -m**3 - m**2 - m - 59. What is v(0)?
-59
Let y(z) = 2*z**2 - 36*z - 51. Determine y(19).
-13
Let n(a) = a**2 - 9*a - 17. What is n(10)?
-7
Let f(j) = -11*j + 1. Give f(-3).
34
Let f(g) = -19*g + 4. What is f(-1)?
23
Let i(y) = -3*y - 1. Calculate i(-3).
8
Let w(r) = r + 27. Give w(-10).
17
Let c(w) = -4*w - 15. Give c(-10).
25
Let i(o) = -2*o**2 - 14*o + 51. What is i(-14)?
-145
Let i(m) = 5*m + 6. Calculate i(-3).
-9
Let c(a) = a**3 - 4. Determine c(0).
-4
Let c(j) = 6*j**3 - j**2 - j + 1. What is c(1)?
5
Let s(x) = x**3 + x + 11. Determine s(0).
11
Let m(v) = -v**2 + 13*v - 26. Determine m(3).
4
Let f(w) = -w**3 + 7*w**2 - 8*w + 8. What is f(6)?
-4
Let a(g) = -22*g - 158. Determine a(-7).
-4
Let k(a) = -a**3 - 4*a**2 + 2*a + 3. Determine k(-4).
-5
Let m(j) = 2*j**2 - 2*j. Give m(2).
4
Let t(g) = -g**3 + 13*g**